 units digit of 1765322?
2
What is the hundred thousands digit of 970085?
9
What is the units digit of 10449404?
4
What is the thousands digit of 430179?
0
What is the tens digit of 281440?
4
What is the hundred thousands digit of 521771?
5
What is the tens digit of 66208?
0
What is the hundreds digit of 2258903?
9
What is the hundred thousands digit of 24038912?
0
What is the millions digit of 1904874?
1
What is the hundreds digit of 1853143?
1
What is the tens digit of 3382388?
8
What is the millions digit of 6319081?
6
What is the thousands digit of 1875050?
5
What is the tens digit of 1125404?
0
What is the thousands digit of 172222?
2
What is the hundreds digit of 1339230?
2
What is the ten thousands digit of 314369?
1
What is the tens digit of 1721071?
7
What is the ten thousands digit of 417713?
1
What is the units digit of 7277064?
4
What is the units digit of 11302105?
5
What is the hundred thousands digit of 13890695?
8
What is the millions digit of 2385192?
2
What is the millions digit of 1658613?
1
What is the ten thousands digit of 1570811?
7
What is the ten thousands digit of 1365864?
6
What is the millions digit of 22822182?
2
What is the hundreds digit of 2088769?
7
What is the tens digit of 181824?
2
What is the millions digit of 1476031?
1
What is the millions digit of 23558270?
3
What is the units digit of 260519?
9
What is the hundreds digit of 285379?
3
What is the ten thousands digit of 3799359?
9
What is the ten thousands digit of 611317?
1
What is the units digit of 360063?
3
What is the ten millions digit of 19162092?
1
What is the ten thousands digit of 1942870?
4
What is the ten thousands digit of 42456?
4
What is the hundred thousands digit of 11323813?
3
What is the ten thousands digit of 2017481?
1
What is the ten thousands digit of 2555769?
5
What is the ten thousands digit of 244140?
4
What is the units digit of 7267593?
3
What is the hundred thousands digit of 708519?
7
What is the tens digit of 195553?
5
What is the hundred thousands digit of 1479380?
4
What is the tens digit of 190743?
4
What is the ten thousands digit of 1738003?
3
What is the ten thousands digit of 388620?
8
What is the thousands digit of 2123451?
3
What is the ten thousands digit of 14306184?
0
What is the thousands digit of 328788?
8
What is the ten thousands digit of 291603?
9
What is the hundred thousands digit of 6355663?
3
What is the units digit of 26844803?
3
What is the ten thousands digit of 71469?
7
What is the tens digit of 24111371?
7
What is the units digit of 1313244?
4
What is the ten thousands digit of 90634?
9
What is the tens digit of 232076?
7
What is the millions digit of 22366185?
2
What is the tens digit of 1638969?
6
What is the ten thousands digit of 85896?
8
What is the hundred thousands digit of 1049405?
0
What is the tens digit of 725525?
2
What is the units digit of 1404444?
4
What is the millions digit of 3046977?
3
What is the tens digit of 4417967?
6
What is the ten thousands digit of 30207?
3
What is the thousands digit of 586841?
6
What is the tens digit of 17454247?
4
What is the ten thousands digit of 2632464?
3
What is the hundreds digit of 4230071?
0
What is the hundred thousands digit of 10467727?
4
What is the hundred thousands digit of 11061991?
0
What is the hundred thousands digit of 11463685?
4
What is the thousands digit of 5331859?
1
What is the tens digit of 479474?
7
What is the thousands digit of 1549226?
9
What is the tens digit of 6267?
6
What is the thousands digit of 481455?
1
What is the units digit of 185840?
0
What is the hundreds digit of 94214?
2
What is the thousands digit of 35918755?
8
What is the hundreds digit of 55712?
7
What is the thousands digit of 23845769?
5
What is the hundreds digit of 2164281?
2
What is the thousands digit of 2090611?
0
What is the hundred thousands digit of 1022125?
0
What is the units digit of 1030269?
9
What is the hundred thousands digit of 865487?
8
What is the hundred thousands digit of 100521?
1
What is the units digit of 557096?
6
What is the ten thousands digit of 766231?
6
What is the millions digit of 4951593?
4
What is the ten thousands digit of 5177689?
7
What is the ten thousands digit of 606053?
0
What is the units digit of 3304719?
9
What is the ten thousands digit of 4375199?
7
What is the tens digit of 305618?
1
What is the hundreds digit of 8407416?
4
What is the hundred thousands digit of 3683117?
6
What is the tens digit of 264556?
5
What is the hundreds digit of 7710975?
9
What is the thousands digit of 648742?
8
What is the hundred thousands digit of 610444?
6
What is the thousands digit of 113310?
3
What is the hundred thousands digit of 2833691?
8
What is the tens digit of 149714?
1
What is the units digit of 8209279?
9
What is the hundred thousands digit of 3167584?
1
What is the units digit of 120629?
9
What is the ten thousands digit of 138967?
3
What is the hundreds digit of 8411857?
8
What is the hundreds digit of 463270?
2
What is the hundred thousands digit of 6486750?
4
What is the ten thousands digit of 23911549?
1
What is the hundreds digit of 400869?
8
What is the ten millions digit of 19096032?
1
What is the hundreds digit of 5312154?
1
What is the hundreds digit of 1249485?
4
What is the millions digit of 1649878?
1
What is the hundred thousands digit of 769638?
7
What is the units digit of 1608149?
9
What is the hundreds digit of 129177?
1
What is the thousands digit of 387713?
7
What is the tens digit of 7795765?
6
What is the hundreds digit of 123770?
7
What is the ten thousands digit of 8906771?
0
What is the ten thousands digit of 269018?
6
What is the hundreds digit of 683443?
4
What is the ten thousands digit of 306747?
0
What is the units digit of 11043514?
4
What is the units digit of 6567695?
5
What is the hundred thousands digit of 848028?
8
What is the hundreds digit of 887980?
9
What is the hundred thousands digit of 215409?
2
What is the thousands digit of 147445?
7
What is the hundreds digit of 3037?
0
What is the millions digit of 3629110?
3
What is the hundreds digit of 23002415?
4
What is the hundreds digit of 1872800?
8
What is the thousands digit of 848683?
8
What is the tens digit of 112540?
4
What is the tens digit of 43542?
4
What is the thousands digit of 2000689?
0
What is the millions digit of 1751418?
1
What is the millions digit of 4586028?
4
What is the ten thousands digit of 2005745?
0
What is the units digit of 364747?
7
What is the ten thousands digit of 1266052?
6
What is the units digit of 2504613?
3
What is the units digit of 1240453?
3
What is the units digit of 168270?
0
What is the ten thousands digit of 7413271?
1
What is the hundreds digit of 663970?
9
What is the hundred thousands digit of 17951645?
9
What is the hundreds digit of 169223?
2
What is the units digit of 5417424?
4
What is the thousands digit of 4066691?
6
What is the thousands digit of 7449063?
9
What is the tens digit of 2522205?
0
What is the hundreds digit of 318683?
6
What is the ten thousands digit of 488137?
8
What is the ten thousands digit of 89050?
8
What is the hundred thousands digit of 214174?
2
What is the thousands digit of 222145?
2
What is the hundreds digit of 24078?
0
What is the millions digit of 7409207?
7
What is the tens digit of 369688?
8
What is the hundreds digit of 5765956?
9
What is the units digit of 144666?
6
What is the hundred thousands digit of 468300?
4
What is the millions digit of 1256146?
1
What is the thousands digit of 150796?
0
What is the thousands digit of 265281?
5
What is the thousands digit of 355159?
5
What is the ten thousands digit of 188591?
8
What is the tens digit of 28026934?
3
What is the thousands digit of 339246?
9
What is the hundred thousands digit of 26448088?
4
What is the ten thousands digit of 6581044?
8
What is the ten millions digit of 16374617?
1
What is the hundred thousands digit of 1576348?
5
What is the hundreds digit of 10820483?
4
What is the hundred thousands digit of 227424?
2
What is the units digit of 729265?
5
What is the hundred thousands digit of 8160868?
1
What is the hundred thousands digit of 4620135?
6
What is the hundred thousands digit of 243742?
2
What is the millions digit of 1486694?
1
What is the tens digit of 7623326?
2
W